{"id":198,"date":"2025-11-11T11:26:14","date_gmt":"2025-11-11T11:26:14","guid":{"rendered":"https:\/\/verw8kraamzorg.nl\/?page_id=198"},"modified":"2025-11-11T11:26:15","modified_gmt":"2025-11-11T11:26:15","slug":"klachtenbeleid","status":"publish","type":"page","link":"https:\/\/verw8kraamzorg.nl\/index.php\/wettelijke-documenten\/klachtenbeleid\/","title":{"rendered":"Klachtenbeleid"},"content":{"rendered":"\n<p><strong>Heb je een klacht?<\/strong><br>Het is belangrijk dat je goed terug kijkt op de kraamperiode. Daarom doe ik er alles aan om jou en je kindje goed te verzorgen. Het is prettig als het contact met mij zo goed mogelijk verloopt en je tevreden bent over de geleverde kraamzorg. Toch kan het voorkomen dat je een klacht hebt.<br>Verw8 kraamzorg is lid van de Co\u00f6peratie Kraamzorggroep (co\u00f6peratie KZG). Als lid van de co\u00f6peratie KZG heb ik mij verbonden aan de klachtenregeling van de co\u00f6peratie KZG. Deze klachtenregeling kun je vinden op https:\/\/www.cooperatiekzg.nl\/documentklachtenregeling\/<\/p>\n\n\n\n<p><strong>Bespreek je klacht<\/strong><br>Zit je met vragen? Ben je ergens ontevreden over? Vertel het mij. Ik neem graag de tijd om naar je te luisteren. Vind je het fijner om jouw klacht te mailen, dan kan dit naar info@verw8kraamzorg.nl Ik zal dan z.s.m. doch binnen 3 werkdagen een reactie geven.<br>En als daar behoefte is een (bel) afspraak maken.<\/p>\n\n\n\n<p><strong>Komen wij er niet uit?<\/strong><br>Lukt het niet om er samen uit te komen? Of wil je hulp bij het indienen van een klacht? Schakel dan de klachtenfunctionaris in. Zij (of hij) is onpartijdig, werkt onafhankelijk en helpt je graag verder met ondersteuning en advies. Ook bemiddelt de klachtenfunctionaris bij het vinden van een oplossing. Alles wat je de klachtenfunctionaris vertelt, is vertrouwelijk.<br>De klachtenfunctionaris is telefonisch bereikbaar op 0341-741024 Je kunt ook een e-mail sturen naar klachtenfunctionaris@cooperatiekzg.nl<\/p>\n\n\n\n<p><strong>Geschilleninstantie<\/strong><br>Mocht het contact met de klachtenfunctionaris niet voldoende zijn, dan kun je de klacht voorleggen aan een erkende Geschilleninstantie. Deze onderzoekt en beoordeelt of uw klacht gegrond is. Zij doet hierover een bindende uitspraak. Ik ben via de co\u00f6peratie KZG aangesloten bij de Geschillencommissie Kleinschalige zorgaanbieders te Gorinchem. Zie voor meer informatie geschillenindezorg.nl<\/p>\n\n\n\n<p><em>Versie 28-02-2024<\/em><\/p>\n","protected":false},"excerpt":{"rendered":"<p>Heb je een klacht?Het is belangrijk dat je goed terug kijkt op de kraamperiode. Daarom doe ik er alles aan om jou en je kindje goed te verzorgen. Het is prettig als het contact met mij zo goed mogelijk verloopt en je tevreden bent over de geleverde kraamzorg. Toch kan het voorkomen dat je een [&hellip;]<\/p>\n","protected":false},"author":2,"featured_media":0,"parent":196,"menu_order":0,"comment_status":"closed","ping_status":"closed","template":"","meta":{"_et_pb_use_builder":"off","_et_pb_old_content":"","_et_gb_content_width":"","footnotes":""},"class_list":["post-198","page","type-page","status-publish","hentry"],"yoast_head":"<!-- This site is optimized with the Yoast SEO plugin v27.4 - https:\/\/yoast.com\/product\/yoast-seo-wordpress\/ -->\n<title>Klachtenbeleid - Verw8cht Kraamzorg<\/title>\n<meta name=\"robots\" content=\"index, follow, max-snippet:-1, max-image-preview:large, max-video-preview:-1\" \/>\n<link rel=\"canonical\" href=\"https:\/\/verw8kraamzorg.nl\/index.php\/wettelijke-documenten\/klachtenbeleid\/\" \/>\n<meta property=\"og:locale\" content=\"en_US\" \/>\n<meta property=\"og:type\" content=\"article\" \/>\n<meta property=\"og:title\" content=\"Klachtenbeleid - Verw8cht Kraamzorg\" \/>\n<meta property=\"og:description\" content=\"Heb je een klacht?Het is belangrijk dat je goed terug kijkt op de kraamperiode. Daarom doe ik er alles aan om jou en je kindje goed te verzorgen. Het is prettig als het contact met mij zo goed mogelijk verloopt en je tevreden bent over de geleverde kraamzorg. Toch kan het voorkomen dat je een [&hellip;]\" \/>\n<meta property=\"og:url\" content=\"https:\/\/verw8kraamzorg.nl\/index.php\/wettelijke-documenten\/klachtenbeleid\/\" \/>\n<meta property=\"og:site_name\" content=\"Verw8cht Kraamzorg\" \/>\n<meta property=\"article:modified_time\" content=\"2025-11-11T11:26:15+00:00\" \/>\n<meta name=\"twitter:card\" content=\"summary_large_image\" \/>\n<meta name=\"twitter:label1\" content=\"Est. reading time\" \/>\n\t<meta name=\"twitter:data1\" content=\"2 minutes\" \/>\n<script type=\"application\/ld+json\" class=\"yoast-schema-graph\">{\"@context\":\"https:\\\/\\\/schema.org\",\"@graph\":[{\"@type\":\"WebPage\",\"@id\":\"https:\\\/\\\/verw8kraamzorg.nl\\\/index.php\\\/wettelijke-documenten\\\/klachtenbeleid\\\/\",\"url\":\"https:\\\/\\\/verw8kraamzorg.nl\\\/index.php\\\/wettelijke-documenten\\\/klachtenbeleid\\\/\",\"name\":\"Klachtenbeleid - Verw8cht Kraamzorg\",\"isPartOf\":{\"@id\":\"https:\\\/\\\/verw8kraamzorg.nl\\\/#website\"},\"datePublished\":\"2025-11-11T11:26:14+00:00\",\"dateModified\":\"2025-11-11T11:26:15+00:00\",\"breadcrumb\":{\"@id\":\"https:\\\/\\\/verw8kraamzorg.nl\\\/index.php\\\/wettelijke-documenten\\\/klachtenbeleid\\\/#breadcrumb\"},\"inLanguage\":\"en-US\",\"potentialAction\":[{\"@type\":\"ReadAction\",\"target\":[\"https:\\\/\\\/verw8kraamzorg.nl\\\/index.php\\\/wettelijke-documenten\\\/klachtenbeleid\\\/\"]}]},{\"@type\":\"BreadcrumbList\",\"@id\":\"https:\\\/\\\/verw8kraamzorg.nl\\\/index.php\\\/wettelijke-documenten\\\/klachtenbeleid\\\/#breadcrumb\",\"itemListElement\":[{\"@type\":\"ListItem\",\"position\":1,\"name\":\"Home\",\"item\":\"https:\\\/\\\/verw8kraamzorg.nl\\\/\"},{\"@type\":\"ListItem\",\"position\":2,\"name\":\"Wettelijke documenten\",\"item\":\"https:\\\/\\\/verw8kraamzorg.nl\\\/index.php\\\/wettelijke-documenten\\\/\"},{\"@type\":\"ListItem\",\"position\":3,\"name\":\"Klachtenbeleid\"}]},{\"@type\":\"WebSite\",\"@id\":\"https:\\\/\\\/verw8kraamzorg.nl\\\/#website\",\"url\":\"https:\\\/\\\/verw8kraamzorg.nl\\\/\",\"name\":\"Verw8cht Kraamzorg\",\"description\":\"Lyts libben, grut begjin\",\"potentialAction\":[{\"@type\":\"SearchAction\",\"target\":{\"@type\":\"EntryPoint\",\"urlTemplate\":\"https:\\\/\\\/verw8kraamzorg.nl\\\/?s={search_term_string}\"},\"query-input\":{\"@type\":\"PropertyValueSpecification\",\"valueRequired\":true,\"valueName\":\"search_term_string\"}}],\"inLanguage\":\"en-US\"}]}<\/script>\n<!-- \/ Yoast SEO plugin. -->","yoast_head_json":{"title":"Klachtenbeleid - Verw8cht Kraamzorg","robots":{"index":"index","follow":"follow","max-snippet":"max-snippet:-1","max-image-preview":"max-image-preview:large","max-video-preview":"max-video-preview:-1"},"canonical":"https:\/\/verw8kraamzorg.nl\/index.php\/wettelijke-documenten\/klachtenbeleid\/","og_locale":"en_US","og_type":"article","og_title":"Klachtenbeleid - Verw8cht Kraamzorg","og_description":"Heb je een klacht?Het is belangrijk dat je goed terug kijkt op de kraamperiode. Daarom doe ik er alles aan om jou en je kindje goed te verzorgen. Het is prettig als het contact met mij zo goed mogelijk verloopt en je tevreden bent over de geleverde kraamzorg. Toch kan het voorkomen dat je een [&hellip;]","og_url":"https:\/\/verw8kraamzorg.nl\/index.php\/wettelijke-documenten\/klachtenbeleid\/","og_site_name":"Verw8cht Kraamzorg","article_modified_time":"2025-11-11T11:26:15+00:00","twitter_card":"summary_large_image","twitter_misc":{"Est. reading time":"2 minutes"},"schema":{"@context":"https:\/\/schema.org","@graph":[{"@type":"WebPage","@id":"https:\/\/verw8kraamzorg.nl\/index.php\/wettelijke-documenten\/klachtenbeleid\/","url":"https:\/\/verw8kraamzorg.nl\/index.php\/wettelijke-documenten\/klachtenbeleid\/","name":"Klachtenbeleid - Verw8cht Kraamzorg","isPartOf":{"@id":"https:\/\/verw8kraamzorg.nl\/#website"},"datePublished":"2025-11-11T11:26:14+00:00","dateModified":"2025-11-11T11:26:15+00:00","breadcrumb":{"@id":"https:\/\/verw8kraamzorg.nl\/index.php\/wettelijke-documenten\/klachtenbeleid\/#breadcrumb"},"inLanguage":"en-US","potentialAction":[{"@type":"ReadAction","target":["https:\/\/verw8kraamzorg.nl\/index.php\/wettelijke-documenten\/klachtenbeleid\/"]}]},{"@type":"BreadcrumbList","@id":"https:\/\/verw8kraamzorg.nl\/index.php\/wettelijke-documenten\/klachtenbeleid\/#breadcrumb","itemListElement":[{"@type":"ListItem","position":1,"name":"Home","item":"https:\/\/verw8kraamzorg.nl\/"},{"@type":"ListItem","position":2,"name":"Wettelijke documenten","item":"https:\/\/verw8kraamzorg.nl\/index.php\/wettelijke-documenten\/"},{"@type":"ListItem","position":3,"name":"Klachtenbeleid"}]},{"@type":"WebSite","@id":"https:\/\/verw8kraamzorg.nl\/#website","url":"https:\/\/verw8kraamzorg.nl\/","name":"Verw8cht Kraamzorg","description":"Lyts libben, grut begjin","potentialAction":[{"@type":"SearchAction","target":{"@type":"EntryPoint","urlTemplate":"https:\/\/verw8kraamzorg.nl\/?s={search_term_string}"},"query-input":{"@type":"PropertyValueSpecification","valueRequired":true,"valueName":"search_term_string"}}],"inLanguage":"en-US"}]}},"_links":{"self":[{"href":"https:\/\/verw8kraamzorg.nl\/index.php\/wp-json\/wp\/v2\/pages\/198","targetHints":{"allow":["GET"]}}],"collection":[{"href":"https:\/\/verw8kraamzorg.nl\/index.php\/wp-json\/wp\/v2\/pages"}],"about":[{"href":"https:\/\/verw8kraamzorg.nl\/index.php\/wp-json\/wp\/v2\/types\/page"}],"author":[{"embeddable":true,"href":"https:\/\/verw8kraamzorg.nl\/index.php\/wp-json\/wp\/v2\/users\/2"}],"replies":[{"embeddable":true,"href":"https:\/\/verw8kraamzorg.nl\/index.php\/wp-json\/wp\/v2\/comments?post=198"}],"version-history":[{"count":1,"href":"https:\/\/verw8kraamzorg.nl\/index.php\/wp-json\/wp\/v2\/pages\/198\/revisions"}],"predecessor-version":[{"id":199,"href":"https:\/\/verw8kraamzorg.nl\/index.php\/wp-json\/wp\/v2\/pages\/198\/revisions\/199"}],"up":[{"embeddable":true,"href":"https:\/\/verw8kraamzorg.nl\/index.php\/wp-json\/wp\/v2\/pages\/196"}],"wp:attachment":[{"href":"https:\/\/verw8kraamzorg.nl\/index.php\/wp-json\/wp\/v2\/media?parent=198"}],"curies":[{"name":"wp","href":"https:\/\/api.w.org\/{rel}","templated":true}]}}